y + 2 = 0. What are the prime factors of v?
3
Suppose -5*l + 6*v + 325 = v, -5*v + 5 = 0. Let h(j) = 25*j**2 - 4*j + 3. Let f be h(2). Let z = f - l. List the prime factors of z.
29
Let a(y) = 15*y**2 - 3*y. List the prime factors of a(6).
2, 3, 29
Suppose 46 + 50 = 3*d. Suppose 0*u - 3*u + 36 = 3*p, 5*p - 53 = -4*u. Suppose 8*z - d = u*z. What are the prime factors of z?
2
List the prime factors of (-40)/(-140) - (-7248)/14.
2, 7, 37
Let y(k) = 66*k**2 + 88*k - 182. List the prime factors of y(2).
2, 3, 43
Suppose 1 = -5*s + 4*s. Suppose -5*q + 9 = w - 0*w, 4*w + 18 = -2*q. List the prime factors of (3 - s)/((-1)/w).
2, 3
Suppose 4*s - 7*s + 15 = 0. Suppose 2*r - 30 = s*r. List the prime factors of (-2)/10 + (-252)/r.
5
Let m = -744 - -2231. List the prime factors of m.
1487
Let f be 740/6*30/25. Suppose -4*c - 3*j = -0*c - 132, 0 = -4*c + j + f. Suppose -4*q = -c - 8. List the prime factors of q.
11
Suppose 0 = -7*q + 3*q + 28. Let v(s) = s**3 - 7*s**2 - 6*s + 2. Let i be v(q). Let x = i - -65. List the prime factors of x.
5
Let h(c) = -c**3 - 6*c**2 - 4*c + 7. Let z = -7 - -2. Let r be h(z). Suppose 4*n - 46 = -0*b - 3*b, 0 = r*n + 3*b - 26. List the prime factors of n.
2, 5
Let s(c) = -5*c**3 + c**2 + 2*c + 1. Let n be s(-1). Suppose 5*r = n*g + 350, -3*r - 2*g + 194 = -g. What are the prime factors of (-35)/2*r/(-55)?
3, 7
Suppose -5*i = 4*d - 793, -4*i + 635 = -4*d + 7*d. List the prime factors of i.
7, 23
Let r(k) = -k**3 + 4*k**2 + 4*k - 8. Let l be r(5). Let n be 16/104 + (-973)/l. Suppose -4*z = -b - 8 + 53, 2*b - n = 5*z. What are the prime factors of b?
5
Let v(j) = 23*j + 1. Let i = -95 - -106. What are the prime factors of v(i)?
2, 127
Suppose -x = -2*x + 4. Let j be 1/x + (-327)/12. List the prime factors of (-39)/(-9)*j/(-3).
3, 13
Suppose -34*j = -5*j - 30711. What are the prime factors of j?
3, 353
Let k = 1658 + 42. What are the prime factors of k?
2, 5, 17
Suppose -3*w - 911 = -j, 5*j - 5*w + 3729 = 9*j. What are the prime factors of j?
2, 463
Suppose 2*s - 3*x = -93, -4*s - 42 = 3*x + 171. List the prime factors of ((-17)/s)/(2/1290).
5, 43
Suppose -5*i = -5*o - 40, 3*i = 4*o + 13 + 16. Suppose -3*a + 24 = 2*u + u, u - 22 = -i*a. Let g = a + 7. List the prime factors of g.
2, 7
Let u(d) = -930*d**3 - 2*d**2 - d + 1. List the prime factors of u(-1).
2, 3, 5, 31
Let k(n) = 12*n**2 + 20*n - 187. List the prime factors of k(14).
3, 5, 163
Suppose 2090 = 5*k + 5*j, -7*k + 2*k + 5*j = -2070. List the prime factors of k.
2, 13
Let s(b) be the first derivative of 62*b**3/3 + b**2/2 + 2*b - 6. What are the prime factors of s(-1)?
3, 7
Let p(s) = s - 4. Let q be p(-11). Let u = 2 - q. What are the prime factors of u?
17
Let w(x) = -50*x - 62. What are the prime factors of w(-13)?
2, 3, 7
Let h(d) = 6*d - 6. Let w be (96/18 - (-2)/3) + -1. What are the prime factors of h(w)?
2, 3
Let u(o) = -2*o - 16. Let n be u(-11). Suppose -n = a + 2*a. What are the prime factors of 273/28 - a/8?
2, 5
Suppose -311304 = -90*v + 39*v. List the prime factors of v.
2, 7, 109
Let r(m) = -m**2 - 8 + 2*m**2 - m + 5*m. Let k(l) = -9*l**2 + 2*l - 1. Let q be k(1). What are the prime factors of r(q)?
2, 3
Let t(k) = -k**2 + 2*k - 2. Let a be t(3). What are the prime factors of (a - -56) + -3*1?
2, 3
Let j = -1 + 5. Suppose -j*z = 0, -4*p - 172 + 48 = z. Let o = p + 54. What are the prime factors of o?
23
Suppose 0 = 3*b - 18 - 36. Suppose 10*v + 800 = b*v. What are the prime factors of v?
2, 5
Suppose -4*b + 3114 = b - t, 4*t + 1260 = 2*b. List the prime factors of b.
2, 311
Let u = -20 + 22. Let l = 8 + u. What are the prime factors of (8/l)/((-2)/(-20))?
2
Let d(b) = 5*b. Let y be d(1). Suppose -y*m - 12 = -8*m. List the prime factors of (126/(-24))/((-3)/m).
7
Let i = 43 + -8. What are the prime factors of i?
5, 7
Suppose 3*k - 5*i - 23 = 8, 0 = 4*k + 3*i - 22. Suppose 0 = -k*t - 78 + 974. List the prime factors of t.
2
Let i be ((-2)/4)/((-3)/(-30)). Let t = 8 + i. List the prime factors of 42/t*18/12.
3, 7
Let p(j) = -9*j - 3. Let b be p(4). List the prime factors of (-1059)/b - 8/52.
3
Suppose -3*d + 44 = 2*q + d, 0 = -2*d + 10. Suppose 3*l = -3*k, 5*l + k - 12 = -0*k. Suppose c + q = l*c. What are the prime factors of c?
2, 3
Let u = 85 + -87. List the prime factors of 199 - (-2 + u)/(-1).
3, 5, 13
Suppose -3*p - 1840 + 10111 = 0. List the prime factors of p.
3, 919
List the prime factors of (-2853)/(-3)*(1 - 2 - -6).
3, 5, 317
Let t be 1157 - (0 - (-1)/(3/(-3))). Suppose -2*d - 2*d = -5*u - 919, 3*u - t = -5*d. What are the prime factors of d?
3, 7, 11
What are the prime factors of 11/((-66)/(-3990)) + 2?
23, 29
Suppose 2*n - 20 = 2*p - 0*p, 32 = 3*n - 2*p. Let v(c) = 11*c - 14. List the prime factors of v(n).
2, 59
What are the prime factors of -1*3/1 - -304?
7, 43
Let s = 1083 - -2933. What are the prime factors of s?
2, 251
Let y = -760 - -2701. What are the prime factors of (-1)/(-6) + y/18?
2, 3
Suppose 2*r + 5*j = 129, r = -5*j + 16 + 46. Suppose 112 = -3*a + 7*a + 4*w, -4*a = -5*w - r. What are the prime factors of a?
23
Let t(w) = 9*w - 163. Let i(j) = -4*j + 81. Let o(s) = 7*i(s) + 3*t(s). Let f be o(0). Let z = f + -37. What are the prime factors of z?
41
Let s(g) = 4*g**3 - 2*g**2 - g - 3. Let m(b) = 7*b**3 - 4*b**2 - 3*b - 7. Let k(j) = -3*m(j) + 5*s(j). What are the prime factors of k(-4)?
2, 43
Let t = -5 + -7. Let y = t - -12. Suppose -4*z + 9 + 159 = y. What are the prime factors of z?
2, 3, 7
Let c(y) = -y**2 - 4*y + 5. Let b be c(-5). Suppose -2*l + 4*o = -64, -3*l + 5*o + b*o + 91 = 0. What are the prime factors of l?
2, 11
Let g = 1943 - 776. What are the prime factors of g?
3, 389
Let f = 115 + -30. Suppose 71 = 3*q + u - 3*u, 5*q - f = -5*u. List the prime factors of q.
3, 7
Suppose -y + 3*w = -21, 3*y + 2*w - 30 = -0*y. Suppose 4*q + 4 = y. Suppose 2*n - q = 2. List the prime factors of n.
2
Let f(s) be the third derivative of s**4/24 + 2*s**3 + 11*s**2. Suppose -h - 12 = -2*n, 5*h - 5*n + 17 = -28. What are the prime factors of f(h)?
2, 3
Let f(a) = 2*a**2 + 48*a - 4. List the prime factors of f(11).
2, 383
Let g = 1532 - 924. What are the prime factors of g?
2, 19
Let j(y) = y**3 + 26*y**2 + 28*y + 46. What are the prime factors of j(-23)?
23, 43
Let r(p) = p**2 - 4*p + 508. List the prime factors of r(0).
2, 127
Suppose -4*b - 2*u + 1971 = -1639, 3*b = 3*u + 2685. What are the prime factors of b?
2, 3, 5
Let a be 3/(4/((-404)/(-1))). Let r = a + -216. What are the prime factors of r?
3, 29
Let y be (-2)/5 + (-4 - (-2108)/20). Suppose y - 416 = -3*j. What are the prime factors of j?
3, 5, 7
Suppose -81 = 2*t + b, 5 = 3*b + 2*b. Let r = t - -48. List the prime factors of r.
7
Let b(g) = -g + 8. Let a be b(4). Let l be (0 + a/8)*46. Let o = l + -16. What are the prime factors of o?
7
Suppose 15 - 5 = 2*w. Suppose -2*r + 67 = w*h + 22, 5*r + 2*h = 165. Suppose 4*x = 5*v + 115, x + 7*v - r = 2*v. What are the prime factors of x?
2, 3, 5
Suppose 0 = -0*q + 2*q. Let l = 5 - q. List the prime factors of l.
5
Let r(g) = g**3 + 5*g**2 - 3*g + 2. Let o be r(-9). Let z be o/(-4) - (-24)/(-32). Let v = -50 + z. What are the prime factors of v?
23
Let b = -15 + 20. Suppose -4*s + 260 = -4*a, -b*s = a - 20 - 335. List the prime factors of s.
2, 5, 7
Suppose 34*z - 8*z - 7150 = 0. List the prime factors of z.
5, 11
Let t(x) = -8*x - 1. Let n(u) = -2*u + 22. Let y be n(11). Suppose -27 = 2*l - 5*w, 5*l = -5*w - y*w + 20. What are the prime factors of t(l)?
7
Suppose -19*c - c = -23980. List the prime factors of c.
11, 109
Let r(h) = -4*h - h + 7*h - 6 + 6*h. List the prime factors of r(4).
2, 13
Suppose 5*f - 10*f = -10. Suppose 3*m - f = 2*m. Suppose -m + 13 = q. List the prime factors of q.
11
Let k(s) = -s**2 - s + 14. Let l = 11 + -4. Let w be 0/((-8)/(-3 + l)). List the prime factors of k(w).
2, 7
Let q be 0 + -1 + (-68)/(-1). Let h = q + -30. What are the prime factors of h?
37
Let z be 922/34 - (-2)/(-17). Let d = 33 - z. List the prime factors of d.
2, 3
What are the prime factors of 14142/12 - 7/14?
2, 19, 31
Let g = -94 - -97. List the prime factors of 826/g + 12/(-36).
5, 11
Let f(a) = 196*a - 454. List the prime factors of f(20).
2, 1733
Suppose -5*j - 3*i - 123 = i, -2 = i. Let w = j + 28. Suppose -155 = -w*r + 120. What a